0. What is the greatest common factor of v and 10?
2
Let p be 690/20 + (-2)/(-4). What is the greatest common divisor of p and 70?
35
Let c(x) = -2*x**3 - 4*x**2 - 2*x - 2. Suppose -1 = b + 2. Let p be c(b). Let u = 75 + -42. What is the highest common divisor of u and p?
11
Suppose -16 = -4*i, -16 = -2*x - 0*i - i. Let c be (4/6)/(4/36). What is the greatest common divisor of x and c?
6
Suppose -1 = 5*t - 6. Calculate the greatest common factor of 3 and t.
1
Suppose 3*s + 20 = -4*p - s, 15 = -3*s. Suppose 3*l + 2*l - 40 = p. What is the greatest common divisor of l and 2?
2
Suppose -g = 2*g - 12. Suppose 3*u - 59 = 34. Suppose -u = -3*k + 2*x, 14 = -g*k + x + 62. What is the greatest common factor of k and 65?
13
Suppose -4*b - 2246 + 310 = -4*v, 5*v - 4*b - 2420 = 0. What is the highest common factor of 44 and v?
44
Suppose -21 - 7 = -4*g. Let x(y) = y**3 - 8*y**2 + 8*y + 9. Let c be x(g). What is the greatest common factor of 64 and c?
16
Let j = 8 + -7. What is the greatest common divisor of 10 and j?
1
Let t(c) = 88*c**2. Let f be t(1). Let h be (-8)/((-3)/((-6)/(-2))). Calculate the greatest common divisor of h and f.
8
Suppose -4*g - 3 = -3*g, -2*g + 138 = 2*h. Suppose -2*o = -6*o + 24. Suppose 4*b + o = 42. What is the highest common factor of h and b?
9
Suppose -21 = -11*r + 210. Let t(h) = 15*h - 4. Let w be t(3). Let m = w + -20. Calculate the greatest common divisor of m and r.
21
Suppose 0*n = -2*n. Suppose 13 = 2*q - 3. Suppose -u + q = -n*u. What is the highest common factor of u and 32?
8
Suppose -2*z = -5*z + 255. Let c(m) = 17*m. Let a be c(1). Calculate the greatest common divisor of z and a.
17
Let c = -14 + 84. What is the greatest common factor of 14 and c?
14
Let t(m) = -m**3 + 7*m**2 - 6*m + 7. Let l be t(6). What is the highest common divisor of l and 77?
7
Let c(n) = 6*n**2 - 4*n - 5. Let f be c(-1). Let z(d) = 3*d**2 - 8*d - 5. Let b be z(6). What is the highest common divisor of b and f?
5
Suppose 5*d + r - 348 = -r, -r = 1. What is the highest common factor of 10 and d?
10
Suppose 0 = 3*n + d - 19, 4*n - 5*d = 33 + 5. What is the highest common divisor of n and 7?
7
Let b(g) = -g**3 - 6*g**2 + 3*g + 2. Let k be b(-7). Suppose 2*h + k = 3*h. What is the highest common factor of h and 6?
6
Suppose 0 = -h - 4*b - 18, 0*h - 2*h = -4*b - 24. Suppose -h*u - 5*v + 49 = 0, -2*v + 48 = 3*u + 2. Calculate the highest common factor of 30 and u.
6
Let p be (-60)/(-9)*6/4. Let w be ((-28)/12)/(2/(-60)). Calculate the highest common factor of p and w.
10
Suppose 0 = -4*z + 2*i + 18, 2*z - z - 9 = -i. Let h = 27 - z. Calculate the greatest common divisor of 14 and h.
7
Let k = 10 + -7. Suppose k*r = 1 + 14, -2*o + 5*r + 5 = 0. What is the greatest common divisor of 165 and o?
15
Let g(u) = u**2 + u - 12. Let y be g(-7). What is the highest common factor of y and 15?
15
Let b be 10/(-14) - 4/14. Let r be 4/6*(b - -4). Suppose -r*u + 14 = 2*z, 0*u + 5*z = 3*u - 29. Calculate the highest common factor of u and 1.
1
Let g(w) = -w**2 + 3*w - 2. Let j be g(3). Let o(i) = 10*i**2 - i - 2. Let f be o(j). Suppose -q - f = -5*q. Calculate the highest common divisor of q and 110.
10
Let d = 51 - 35. Let q = -9 - -14. Suppose v = 7 - q. Calculate the greatest common divisor of d and v.
2
Let s = 10 - 1. Calculate the highest common divisor of 9 and s.
9
Let f(z) = -z - 8. Let r be f(-8). Suppose -l + 2*p - p + 102 = r, -96 = -l - p. Calculate the greatest common divisor of l and 11.
11
Let g be (-116)/4*(-4)/2. Let v be g + 1/((-1)/(-2)). What is the greatest common factor of 24 and v?
12
Suppose 5*m - 3*m = 30. Calculate the highest common factor of m and 165.
15
Suppose 5*j + 0 - 59 = -4*f, 0 = 3*f + 5*j - 48. Calculate the highest common factor of f and 121.
11
Let j(v) = v**2 + 3*v - 1. Let h be j(-4). Suppose 0 = h*g + g - 56. Let u be (52/(-6))/(g/(-21)). Calculate the highest common divisor of 26 and u.
13
Let z(r) = -3*r. Let x be z(2). Let n be (-7)/2 + (-3)/x. Let u be n + (41 - 0) + -3. Calculate the greatest common factor of 14 and u.
7
Let v = 11 - 1. Suppose 9*g = v*g - 27. What is the highest common factor of 243 and g?
27
Suppose -135 = -3*n + 3*i, -5*n - i + 252 = 3*i. Suppose -2*v + 7*v - 30 = 0. What is the greatest common factor of n and v?
6
Let q = 20 + 5. Let k = q - -14. Let s = k - -9. What is the highest common factor of 6 and s?
6
Let b = 43 - 23. What is the highest common divisor of 4 and b?
4
Suppose 5*m - 25 = -5*d, 3*d + 5*m - 13 = m. Suppose -5*c = -d - 63. What is the greatest common factor of 112 and c?
14
Let i(x) = x + 7. Let y be i(-5). Let v be y/(-1 + 39/33). Let u be 6/4*(-132)/(-18). Calculate the highest common divisor of u and v.
11
Let g be (0 - 0)/(4 - 5). Suppose -4*a + 3*k + 49 = g, -k = -3*a + 2*k + 36. What is the greatest common divisor of a and 65?
13
Let d = 20 - 13. Let a = d + -1. Suppose -a*x = -3*x - 198. What is the highest common divisor of x and 11?
11
Suppose 58*m - 54*m - 360 = 0. Suppose r = 3 + 22. Suppose 3*h + 2*x + r = 143, -3*h = x - 113. Calculate the greatest common divisor of h and m.
18
Let c(v) = -15*v - 5. Let k be c(-8). Let q = 37 + -14. What is the highest common divisor of k and q?
23
Suppose -a - a = -84. Let l be 28/(-1)*2/(-4). Calculate the greatest common divisor of l and a.
14
Let o = -6 - -14. Suppose -4*r - 2*l = o, -5*r - 3*l = 2*l + 20. Let k be (r - 8/6)*-24. What is the greatest common divisor of 4 and k?
4
Suppose 4*y - 26 = 3*m - 5*m, 2*y - 2*m = 4. Suppose -3*i - i = -8. What is the greatest common divisor of i and y?
1
Suppose 5*x - 4*j = -2*j - 10, -2*j = -2*x - 10. Suppose 2*l - l = x. Suppose l*y + 2*y - 16 = 0. What is the highest common factor of y and 20?
4
Suppose 3*z + s - 54 = 2*z, -3*z = 4*s - 166. Suppose 0 = -5*v + 10 + 10. Suppose a = 6 + v. Calculate the highest common divisor of z and a.
10
Suppose 3*g = -0*g + 9. Suppose 3*r = -2*o + 37, -g*r = -o + 5 + 27. Calculate the greatest common divisor of o and 161.
23
Let x be (-4)/((0 + -2)/2). Suppose y = -7 + 27. What is the greatest common divisor of x and y?
4
Let j be (-4 + -14)*(1 + -1 + -1). What is the greatest common divisor of 9 and j?
9
Let y be 1*(2 - 9/3). Let l be y/((-1)/(-4)*-2). Suppose -4*f - 28 = -5*r, -3 = -2*r + 5*f - l. What is the highest common divisor of 56 and r?
8
Suppose 0 = 4*v - 4 - 8. Let z = v - -2. What is the highest common divisor of 20 and z?
5
Let x = -23 + 26. Suppose a = -a + x*r + 108, -3*r = 0. Let v = 9 - 3. What is the highest common divisor of a and v?
6
Let r be (-297)/(-15) + (-3)/(-15). Let p be (-1 - 0) + 4 + r. What is the greatest common divisor of p and 184?
23
Let n(z) = z**3 + 7*z**2 - 10*z - 2. Let x = 14 + -22. Let g be n(x). What is the highest common divisor of g and 112?
14
Let h = -10 + 44. Calculate the greatest common divisor of h and 17.
17
Let r(k) = -k**3 + 7*k**2 - 3*k - 7. Let q be r(7). Let c be 8/q - 4/(-14). Suppose 2*a - 60 = -c*a. Calculate the highest common factor of a and 15.
15
Suppose -5*n + 71 = 1. Suppose -4*f - 4*d = -284, 2*f + 5*d = f + 75. Calculate the highest common factor of f and n.
14
Suppose 4*u + 5*w = 40 + 33, 4*u - 5*w = 23. Calculate the highest common factor of 3 and u.
3
Let z be 1 - (2 - 5) - -15. Calculate the greatest common factor of z and 76.
19
Let g = 104 - 80. Calculate the greatest common divisor of g and 40.
8
Suppose 4*q = 3*z + 336, 2*q = -z - 0*z + 168. What is the greatest common divisor of 12 and q?
12
Let y be 52/(1 + 3)*1. Let s be (-13)/4*(1 - 17). Calculate the highest common divisor of s and y.
13
Let k = 88 - -52. Calculate the greatest common factor of k and 35.
35
Let f be (4/((-16)/(-12)))/1. Calculate the highest common factor of f and 3.
3
Suppose 4*a - 10 - 30 = 0. Let b = a + -3. What is the highest common factor of b and 1?
1
Suppose -7*f = 21 - 119. Calculate the highest common factor of 98 and f.
14
Let t = 0 - -1. Suppose -g + 0*g = -11. What is the greatest common divisor of g and t?
1
Suppose 4*z + 2*g - 22 = 0, 2*z + 7 = 3*g - 2. Let j = 6 - z. Suppose 2*l = j*l - 72. Calculate the highest common divisor of 18 and l.
18
Let t(u) = 4*u**2 + u. Suppose 3*z = -5*h - 8, 2*h - 5*z + z - 2 = 0. Let w be t(h). Suppose w*r - 48 = -0*r. What is the highest common fac